{"id":185,"date":"2024-05-30T11:53:05","date_gmt":"2024-05-30T14:53:05","guid":{"rendered":"https:\/\/talkiemarketing.com.br\/?page_id=185"},"modified":"2024-05-30T11:53:05","modified_gmt":"2024-05-30T14:53:05","slug":"redacao-e-artigos-para-blog","status":"publish","type":"page","link":"https:\/\/talkiemarketing.com.br\/blog\/redacao-e-artigos-para-blog\/","title":{"rendered":"Reda\u00e7\u00e3o e artigos para blog"},"content":{"rendered":"\n<p><\/p>\n\n\n<div class=\"wp-block-image\">\n<figure class=\"aligncenter size-large is-resized\"><img decoding=\"async\" src=\"https:\/\/talkiemarketing.com.br\/wp-content\/uploads\/2024\/05\/blog-website-development-data-network-concept.jpg?w=1024\" alt=\"como criar um blog para site\" class=\"wp-image-189\" style=\"width:602px;height:auto\" \/><figcaption class=\"wp-element-caption\">Blog Website Development Data Network Concept<\/figcaption><\/figure>\n<\/div>\n\n\n<h3 class=\"wp-block-heading has-text-align-center\" style=\"font-size:40px\">Vale a pena investir em um blog para um site?<\/h3>\n\n\n\n<div style=\"height:87px\" aria-hidden=\"true\" class=\"wp-block-spacer\"><\/div>\n\n\n\n<h4 class=\"wp-block-heading\" style=\"font-size:30px\">O que \u00e9 um blog para sites e qual sua fun\u00e7\u00e3o?<\/h4>\n\n\n\n<p>Um blog para sites \u00e9 uma se\u00e7\u00e3o dedicada \u00e0 publica\u00e7\u00e3o regular de conte\u00fado, como artigos, tutoriais, not\u00edcias e an\u00e1lises, relacionados ao tema principal do site. A fun\u00e7\u00e3o de um blog \u00e9 m\u00faltipla: ele pode atrair novos visitantes, engajar os atuais, melhorar o SEO (Search Engine Optimization) do site, e estabelecer a autoridade da marca em seu nicho de mercado. Ao fornecer conte\u00fado relevante e de qualidade, um blog pode responder \u00e0s perguntas dos clientes, resolver problemas comuns e manter o p\u00fablico atualizado sobre as novidades da empresa ou do setor.<\/p>\n\n\n\n<div style=\"height:47px\" aria-hidden=\"true\" class=\"wp-block-spacer\"><\/div>\n\n\n\n<h4 class=\"wp-block-heading\" style=\"font-size:30px\">O que \u00e9 preciso para ter um blog?<\/h4>\n\n\n\n<p>Para ter um blog no seu site, \u00e9 necess\u00e1rio considerar alguns elementos e ferramentas essenciais:<\/p>\n\n\n\n<ol class=\"wp-block-list\">\n<li><strong>Plataforma<\/strong>: escolha uma plataforma de blog confi\u00e1vel, como WordPress, Blogger ou o seu pr\u00f3prio site j\u00e1 costuma ter uma sess\u00e3o blog que pode ser utilizada.<\/li>\n\n\n\n<li><strong>Hospedagem e Dom\u00ednio<\/strong>: certifique-se de que seu site tenha uma boa hospedagem e um dom\u00ednio adequado.<\/li>\n\n\n\n<li><strong>Conte\u00fado de Qualidade<\/strong>: invista em cria\u00e7\u00e3o de conte\u00fado relevante, original e bem escrito, que agregue valor ao seu p\u00fablico-alvo. Sugerimos contratar uma profissional ou empresa especializada neste tipo de conte\u00fado, como por exemplo o time da <a href=\"https:\/\/talkiemarketing.com.br\/fale-com-a-talkie\/\">Talkie. <\/a><\/li>\n\n\n\n<li><strong>SEO<\/strong>: otimize o blog para os motores de busca, utilizando palavras-chave adequadas, meta descri\u00e7\u00f5es e tags.<\/li>\n<\/ol>\n\n\n\n<div style=\"height:47px\" aria-hidden=\"true\" class=\"wp-block-spacer\"><\/div>\n\n\n\n<h4 class=\"wp-block-heading\" style=\"font-size:30px\">Demora muito para obter resultados de um blog?<\/h4>\n\n\n\n<p>Obter resultados de um blog pode levar algum tempo. Normalmente, leva de tr\u00eas a seis meses para come\u00e7ar a ver os primeiros resultados significativos. Isso se deve ao tempo necess\u00e1rio para os motores de busca indexarem o novo conte\u00fado e para construir uma base de leitores fi\u00e9is. A consist\u00eancia na publica\u00e7\u00e3o de conte\u00fado de qualidade e a pr\u00e1tica cont\u00ednua de t\u00e9cnicas de SEO s\u00e3o fundamentais para acelerar esse processo.<\/p>\n\n\n\n<div style=\"height:47px\" aria-hidden=\"true\" class=\"wp-block-spacer\"><\/div>\n\n\n\n<h4 class=\"wp-block-heading\" style=\"font-size:30px\">Vale a pena investir em um blog para meu site?<\/h4>\n\n\n\n<p><strong>Sim<\/strong>, vale a pena investir em um blog para o seu site por v\u00e1rios motivos:<\/p>\n\n\n\n<ol class=\"wp-block-list\">\n<li><strong>Aumento de visibilidade<\/strong>: um blog bem mantido e otimizado para SEO pode aumentar a visibilidade do seu site nos motores de busca, atraindo mais visitantes org\u00e2nicos.<\/li>\n\n\n\n<li><strong>Engajamento do p\u00fablico<\/strong>: publicar conte\u00fado relevante e \u00fatil mant\u00e9m o p\u00fablico engajado e pode transformar visitantes ocasionais em seguidores fi\u00e9is.<\/li>\n\n\n\n<li><strong>Autoridade da marca<\/strong>: um blog permite demonstrar expertise e conhecimento em seu campo, estabelecendo sua marca como uma autoridade no setor.<\/li>\n\n\n\n<li><strong>Gera\u00e7\u00e3o de leads<\/strong>: conte\u00fado valioso pode atrair leads qualificados que est\u00e3o interessados nos produtos ou servi\u00e7os que voc\u00ea oferece.<\/li>\n\n\n\n<li><strong>Suporte ao cliente<\/strong>: um blog pode servir como uma extens\u00e3o do suporte ao cliente, respondendo a perguntas frequentes e fornecendo solu\u00e7\u00f5es para problemas comuns.<\/li>\n\n\n\n<li><strong>Custo-benef\u00edcio<\/strong>: em compara\u00e7\u00e3o com outras formas de marketing digital, um blog \u00e9 uma estrat\u00e9gia relativamente de baixo custo que pode gerar altos retornos a longo prazo.<\/li>\n\n\n\n<li><strong>Efeito cumulativo<\/strong>: um blog em seu site tem a capacidade de acumular cada vez mais audi\u00eancia para seu site pois n\u00e3o se trata de um conte\u00fado perec\u00edvel.<\/li>\n<\/ol>\n\n\n\n<div style=\"height:22px\" aria-hidden=\"true\" class=\"wp-block-spacer\"><\/div>\n\n\n\n<p>Investir em um blog exige dedica\u00e7\u00e3o e paci\u00eancia, mas os benef\u00edcios de longo prazo em termos de visibilidade, engajamento e autoridade da marca fazem com que o esfor\u00e7o valha a pena. Com planejamento adequado e execu\u00e7\u00e3o consistente, um blog pode se tornar uma ferramenta poderosa para o crescimento e sucesso do seu site. <\/p>\n\n\n\n<div style=\"height:100px\" aria-hidden=\"true\" class=\"wp-block-spacer\"><\/div>\n\n\n\n<p><strong>Precisa de uma consultoria ou de uma equipe que produza textos e gerencie o blog da sua empresa? Conte com a Talkie! <\/strong><\/p>\n\n\n\n<div style=\"height:41px\" aria-hidden=\"true\" class=\"wp-block-spacer\"><\/div>\n\n\n\n<div class=\"wp-block-jetpack-send-a-message\">\n<div class=\"wp-block-jetpack-whatsapp-button aligncenter is-color-dark\"><a class=\"whatsapp-block__button\" href=\"https:\/\/api.whatsapp.com\/send?phone=5548988601168&amp;text=Oi%2C%20encontrei%20suas%20informa%C3%A7%C3%B5es%20do%20WhatsApp%20no%20seu%20site.\" style=\"background-color:#25D366;color:#fff\" target=\"_self\" rel=\"noopener noreferrer\">Fale com um especialista<\/a><\/div>\n<\/div>\n\n\n\n<p><\/p>\n","protected":false},"excerpt":{"rendered":"<p>Consultoria e cria\u00e7\u00e3o de textos\/artigos para blogs com o objetivo de atrair mais visitantes para seu site. <\/p>\n","protected":false},"author":2,"featured_media":0,"parent":0,"menu_order":0,"comment_status":"closed","ping_status":"closed","template":"","meta":{"pagelayer_contact_templates":[],"_pagelayer_content":"","footnotes":""},"class_list":["post-185","page","type-page","status-publish","hentry"],"_links":{"self":[{"href":"https:\/\/talkiemarketing.com.br\/blog\/wp-json\/wp\/v2\/pages\/185","targetHints":{"allow":["GET"]}}],"collection":[{"href":"https:\/\/talkiemarketing.com.br\/blog\/wp-json\/wp\/v2\/pages"}],"about":[{"href":"https:\/\/talkiemarketing.com.br\/blog\/wp-json\/wp\/v2\/types\/page"}],"author":[{"embeddable":true,"href":"https:\/\/talkiemarketing.com.br\/blog\/wp-json\/wp\/v2\/users\/2"}],"replies":[{"embeddable":true,"href":"https:\/\/talkiemarketing.com.br\/blog\/wp-json\/wp\/v2\/comments?post=185"}],"version-history":[{"count":0,"href":"https:\/\/talkiemarketing.com.br\/blog\/wp-json\/wp\/v2\/pages\/185\/revisions"}],"wp:attachment":[{"href":"https:\/\/talkiemarketing.com.br\/blog\/wp-json\/wp\/v2\/media?parent=185"}],"curies":[{"name":"wp","href":"https:\/\/api.w.org\/{rel}","templated":true}]}}